s(n) = 7*n - 20*n - n**3 + x*n + 8*n**2 - 10. Let v be s(6). What is the highest common divisor of 5 and v?
5
Suppose 0 = -3*o + 2*o + 3, 0 = 5*u + o - 13. Suppose 10 = u*m - m. Calculate the greatest common factor of m and 30.
10
Let v = 130 + -54. Suppose -2*o + 36 = -v. Suppose 0 = -0*b + 2*b - o. Calculate the highest common divisor of b and 252.
28
Suppose -44*s + 389 + 95 = 0. What is the highest common divisor of 1199 and s?
11
Let s = 1600 - 1513. Calculate the greatest common divisor of 39 and s.
3
Let n be (-264)/(-128)*4*8/6. Calculate the highest common factor of n and 1298.
11
Suppose j = -5, 2*j - 151 = -4*l - 5. Suppose -3*s = 3*d - l, s - d - 23 = -4*d. Calculate the greatest common divisor of 48 and s.
8
Let z = -50 + 48. Let h be 11 + (4 - (-6)/z). What is the greatest common divisor of h and 4?
4
Let r be 2/(-17) + 22617/1071. Calculate the greatest common factor of 4326 and r.
21
Suppose h + 4*u = 2, -3*u + 2 + 45 = 4*h. Suppose 24 = 2*d + h. Let j = 13 + d. Calculate the highest common divisor of j and 18.
18
Let d(p) = -3*p - 1. Let y be d(-2). Suppose -y*k + 19 + 11 = 0. Let n(g) = 9*g - 20. Let b be n(k). What is the greatest common divisor of 17 and b?
17
Let m be (24/(-15))/((-64)/(-65) + -1). What is the greatest common divisor of m and 8?
8
Suppose 191 = -3*n - 2*r, -2*r + 412 = -5*n + 67. Let p = 87 + -127. Let b = p - n. What is the greatest common factor of 3 and b?
3
Let a(p) = 26*p**3 + p**2 + 17*p - 56. Let j be a(4). What is the highest common factor of 94 and j?
94
Let z be 105 + 0/(2 - 0). Let l(u) = 23*u**2 + 3*u + 1. Let r be l(-1). What is the highest common factor of r and z?
21
Suppose -5*l = 3*l - 1224. What is the greatest common divisor of 36 and l?
9
Let u(s) = -2*s + 19. Let d be u(8). Suppose -95 = -d*m + 1. Suppose a - 4*z = 4, 3*a + z - 2*z = 23. Calculate the highest common factor of m and a.
8
Let a be (-1)/2 + 2166/12. Suppose -2*l - a = -5*l. Let q = 13 - -2. What is the greatest common divisor of q and l?
15
Let w = 176 - 140. Calculate the highest common divisor of w and 468.
36
Let a = 32 - 17. Suppose -5*k + 0*k = -1125. Suppose -4*f + k = f. What is the highest common divisor of f and a?
15
Let z = -20 + 18. Let w(y) = 8*y**2 + y - 3. Let g be w(z). Calculate the highest common factor of 9 and g.
9
Let q be 1 - -3 - 8 - -4. Suppose v + u + 4*u = -7, 4*v - 5*u - 47 = q. What is the highest common divisor of 24 and v?
8
Suppose f = 2*z - 5*z - 13, 2*f + 2*z = -6. Suppose -b + f*b = 15. Calculate the highest common factor of 10 and b.
5
Suppose 5*z - 180 = 3*j, -z = -3*j - 51 + 15. What is the highest common divisor of 90 and z?
18
Let l be (12/4)/(12/8) + 14. Let x be (-4 + -2)/((-22)/l - -1). What is the highest common factor of 80 and x?
16
Let k(o) = 2*o**2 - 22*o - 65. Let t be k(14). Calculate the highest common divisor of t and 16.
1
Let i(n) = 44*n + 7. Let r be i(3). Let t = r - 83. Calculate the highest common divisor of t and 7.
7
Suppose -w - 6 = -4, -266 = -3*h - 2*w. Let p be ((-54)/(-15))/(2/h). Calculate the highest common factor of 108 and p.
54
Let t be ((-4)/3)/(44/(-198)). Let x be ((-18*3)/3)/(-2). Calculate the highest common divisor of t and x.
3
Suppose 5*n + 74 = 304. Calculate the greatest common divisor of n and 4.
2
Let c = -664 + 760. Calculate the highest common factor of c and 60.
12
Let y be (10 - (-93)/(-12))/(6/128). Calculate the highest common factor of 108 and y.
12
Suppose 4*i - 30 = 194. Suppose 3*n = -8 + i. What is the greatest common divisor of n and 128?
16
Suppose -2*n + 134 = -14. Let p be (0 - -3)/((-3)/n). Let z = 154 + p. Calculate the highest common factor of 32 and z.
16
Let s = 181 - 55. Let t(c) = -20*c + 1. Let v be -2*((-9)/2 - -5). Let f be t(v). Calculate the greatest common factor of s and f.
21
Suppose -13 = -3*v - 4, 5*v = -2*x + 23. Suppose -5*t - b = b - 34, 4*b + 44 = 4*t. Calculate the greatest common divisor of t and x.
4
Suppose -41*l = -13*l - 12012. What is the greatest common factor of 11 and l?
11
Let j be (-153)/(-27)*57 - 11. What is the greatest common divisor of 24 and j?
24
Let z be 0 - -3 - 36/3. Let l = -48 - -27. Let b = z - l. What is the greatest common divisor of b and 108?
12
Suppose -15*y + 763 = -77. Calculate the greatest common divisor of 455 and y.
7
Let y(q) = -q + 20 - 1 + 5 + 11. Let w be y(0). Calculate the highest common divisor of 105 and w.
35
Suppose 5*q + 4 = -y, 2*q + 1 = -2*y + y. Let p be ((-5)/10)/(q/232) + -4. Calculate the greatest common factor of p and 16.
16
Let x be 12/(-30) - 117/(-5). Suppose -6*z - 1 - x = 0. Let q = z + 9. What is the greatest common divisor of 35 and q?
5
Let z be 12/5*2*5. Suppose -5 = 3*c + 7. Let o = c - -16. What is the highest common divisor of z and o?
12
Let m be ((-4862)/11)/13*6/(-4). Calculate the greatest common divisor of m and 391.
17
Let p be 0 + 19 + (0 - 3). Let z(m) = m**3 - 4*m**2 - 5*m. Let v be z(5). Let c be (-144 + v/(-2))*-1. What is the highest common factor of p and c?
16
Suppose -26*j + 308 = -2058. Let v = 3 + 1. Suppose -v*y + 26 + 26 = 0. Calculate the greatest common divisor of y and j.
13
Suppose -2*t + 22 + 6 = 4*l, 0 = -3*t - 4*l + 50. Let g = -4015 + 4037. Calculate the highest common factor of t and g.
22
Let a be 128/(-96) + (-1002)/(-9). What is the highest common factor of a and 33?
11
Let w be (6 + 21/(-4))/(1/52). What is the greatest common factor of 39 and w?
39
Let o be 2/10 + 42/(-10). Let q be ((-495)/(-60))/((-1)/o). What is the highest common divisor of 22 and q?
11
Let y = 5193 - 5179. Let o = -5 - -7. Suppose -2*a + 29 = -z, z + 43 = -o*a + 5*a. What is the highest common factor of a and y?
14
Suppose 3*d - 372 = -2*a, -4*d + 584 = 3*a - 6*d. What is the highest common divisor of 24 and a?
24
Let t = 320 - 26. Calculate the highest common factor of 6 and t.
6
Let r(k) = k**2 - 17*k + 30. Let h be r(16). Let a be (-1 + -1 + -1)*(-252)/h. What is the greatest common factor of a and 27?
27
Let q = 114 + -60. Suppose -2*j = -5*i - 27, -j + i - 4 = -13. What is the highest common divisor of q and j?
6
Let v be (-2 - (-40)/14)/(3/315). What is the greatest common factor of 110 and v?
10
Let u be 2/7 + (-832)/(-28). Suppose -5*k - v + 6 = 0, 5*k - 8*v - u = -3*v. Suppose -5*r - k = -27. Calculate the greatest common factor of r and 20.
5
Suppose 0 = -r + p + 8, 5*r - 5*p - 40 = -2*p. Let u be (-18)/(-27)*(259 + 5)/2. What is the highest common factor of r and u?
8
Suppose 0 = -2*m + 45 - 15. Calculate the highest common divisor of 345 and m.
15
Let g be (-44)/(-10)*(-10)/(-2). Let a be (-1 + 431)/(2/3). Suppose 6*x = 543 + a. What is the highest common factor of x and g?
22
Let y = -14 - -83. Suppose 261 = 4*i + p, 2*i = i - 4*p + y. What is the highest common divisor of i and 5?
5
Let q be 6/7*14/3. Suppose s = -q*j - 3*s + 16, -s - 8 = -j. Let d be j*(0/1 - -2). Calculate the greatest common factor of 120 and d.
12
Let m = 555 - 357. What is the highest common divisor of m and 462?
66
Let r = 44 + 86. Let g = 23 + 41. Suppose -g + 12 = -s. What is the highest common factor of r and s?
26
Let v(t) = -t**3 - t**2 + 13*t - 9. Let q be v(-6). Suppose 0 = -4*a + 261 - q. What is the highest common divisor of 21 and a?
21
Let k(f) = -f**2 + 22*f - 66. Let x be k(-24). Let v be (x/27)/((-4)/6*1). What is the highest common divisor of v and 130?
65
Suppose 270*h = 254*h + 192. What is the greatest common factor of h and 24?
12
Let p(n) = 2*n**2. Let w(r) = 12*r**2 - 43*r + 21. Let s(l) = 5*p(l) - w(l). Let q be s(18). Let x = -15 + 36. Calculate the highest common factor of q and x.
21
Suppose -15 + 69 = 3*g. Calculate the greatest common factor of 261 and g.
9
Let m = -12 - -17. Suppose -m*w - 5*o + 280 = 0, 2*w = o - 0*o + 118. What is the greatest common divisor of 29 and w?
29
Suppose 10*d = 5*d + 65. Let j(u) = -1 - 6*u + d*u - 4 + 2*u**2. Let m be j(-6). Calculate the greatest common factor of 125 and m.
25
Let y be 4/(44/12 - 3). Suppose -5*k - y = -26. Suppose -k*n = -0*n - 60. Calculate the greatest common factor of 10 and n.
5
Suppose -5*h + j = -0*h + 41, -8 = 2*j. Let s = h - -16. Suppose -2*r = -s*r + 15. Calculate the highest common factor of 21 and r.
3
Let j be ((-270)/4)/(4/(-8)). Suppose 117 = -2*k + j. Ca